{"id":10041,"date":"2023-05-13T16:37:57","date_gmt":"2023-05-13T14:37:57","guid":{"rendered":"https:\/\/fahazak.lemonfa.hu\/?post_type=product&#038;p=10041"},"modified":"2025-02-07T09:38:03","modified_gmt":"2025-02-07T08:38:03","slug":"fahaz-laura-370x460cm-2m-terasz-45mm","status":"publish","type":"product","link":"https:\/\/fahazak.lemonfa.hu\/hu\/kerti-fahazak\/hazak-terasszal\/fahaz-laura-370x460cm-2m-terasz-45mm\/","title":{"rendered":"Fah\u00e1z Laura 370x460cm, 2m terasz, 45mm"},"content":{"rendered":"<div data-elementor-type=\"wp-post\" data-elementor-id=\"10041\" class=\"elementor elementor-10041\">\n\t\t\t\t\t\t\t\t\t<section class=\"wd-negative-gap elementor-section elementor-top-section elementor-element elementor-element-3f65920 elementor-section-boxed elementor-section-height-default elementor-section-height-default wd-section-disabled\" data-id=\"3f65920\" data-element_type=\"section\">\n\t\t\t\t\t\t<div class=\"elementor-container elementor-column-gap-default\">\n\t\t\t\t\t<div class=\"elementor-column elementor-col-100 elementor-top-column elementor-element elementor-element-6db0d99\" data-id=\"6db0d99\" data-element_type=\"column\">\n\t\t\t<div class=\"elementor-widget-wrap elementor-element-populated\">\n\t\t\t\t\t\t\t\t<div class=\"elementor-element elementor-element-54792bf elementor-widget elementor-widget-wd_text_block\" data-id=\"54792bf\" data-element_type=\"widget\" data-widget_type=\"wd_text_block.default\">\n\t\t\t\t<div class=\"elementor-widget-container\">\n\t\t\t\t\t<div class=\"wd-text-block reset-last-child text-left\">\n\t\t\t\n\t\t\t<p><strong>A nyaral\u00f3 \u00e1ra tartalmazza:<\/strong><\/p><ul><li>oldalfalak<\/li><li>tet\u0151 perfor\u00e1ci\u00f3ja<\/li><li>padl\u00f3<\/li><li>terasz 2m<\/li><li>impregn\u00e1lt aljzatpr\u00edzisek<\/li><li>1x ajt\u00f3 (80x191cm) + kilincs + szerelv\u00e9nyek<\/li><li>2x ablak (60x72cm), egy fix \u00e9s egy nyithat\u00f3.<\/li><\/ul>\n\t\t\t\t\t<\/div>\n\t\t\t\t<\/div>\n\t\t\t\t<\/div>\n\t\t\t\t\t<\/div>\n\t\t<\/div>\n\t\t\t\t\t\t\t<\/div>\n\t\t<\/section>\n\t\t\t\t\t\t\t<\/div>","protected":false},"excerpt":{"rendered":"<p><strong>Laura h\u00e1zik\u00f3 2m-es terasszal \u00e9s 45mm falvastags\u00e1ggal (370x460cm) <\/strong>praktikus m\u00e9ret\u00e9vel minden kertbe illik. A padl\u00f3 kiv\u00e1l\u00f3 min\u0151s\u00e9g\u0171 csemp\u00e9kb\u0151l k\u00e9sz\u00fclt. A 45 mm-es falvastags\u00e1g jobb szigetel\u00e9st \u00e9s m\u00e9g hosszabb \u00e9lettartamot biztos\u00edt. A h\u00e1zik\u00f3 \u00e1ra tartalmazza tov\u00e1bb\u00e1: 1x ajt\u00f3(80x191cm), 2x ablak (60\u00d772 cm), melyek k\u00f6z\u00fcl az egyik nyithat\u00f3, a m\u00e1sik fix. A h\u00e1zik\u00f3hoz k\u00edn\u00e1ljuk a red\u0151ny\u00f6k, b\u0151v\u00edt\u00e9s megv\u00e1s\u00e1rl\u00e1s\u00e1nak lehet\u0151s\u00e9g\u00e9t. Laura el\u0151nye, hogy kiv\u00e1laszthatja, hogy melyik oldalra szeretne ajt\u00f3t vagy oldalablakot. K\u00edn\u00e1latunkban 2 f\u00e9le falvastags\u00e1g van: 2,8cm | 4,5cm.<\/p>","protected":false},"featured_media":12368,"comment_status":"open","ping_status":"closed","template":"","meta":[],"product_cat":[656,128,78],"product_tag":[439],"_links":{"self":[{"href":"https:\/\/fahazak.lemonfa.hu\/hu\/wp-json\/wp\/v2\/product\/10041"}],"collection":[{"href":"https:\/\/fahazak.lemonfa.hu\/hu\/wp-json\/wp\/v2\/product"}],"about":[{"href":"https:\/\/fahazak.lemonfa.hu\/hu\/wp-json\/wp\/v2\/types\/product"}],"replies":[{"embeddable":true,"href":"https:\/\/fahazak.lemonfa.hu\/hu\/wp-json\/wp\/v2\/comments?post=10041"}],"version-history":[{"count":4,"href":"https:\/\/fahazak.lemonfa.hu\/hu\/wp-json\/wp\/v2\/product\/10041\/revisions"}],"predecessor-version":[{"id":13150,"href":"https:\/\/fahazak.lemonfa.hu\/hu\/wp-json\/wp\/v2\/product\/10041\/revisions\/13150"}],"wp:featuredmedia":[{"embeddable":true,"href":"https:\/\/fahazak.lemonfa.hu\/hu\/wp-json\/wp\/v2\/media\/12368"}],"wp:attachment":[{"href":"https:\/\/fahazak.lemonfa.hu\/hu\/wp-json\/wp\/v2\/media?parent=10041"}],"wp:term":[{"taxonomy":"product_cat","embeddable":true,"href":"https:\/\/fahazak.lemonfa.hu\/hu\/wp-json\/wp\/v2\/product_cat?post=10041"},{"taxonomy":"product_tag","embeddable":true,"href":"https:\/\/fahazak.lemonfa.hu\/hu\/wp-json\/wp\/v2\/product_tag?post=10041"}],"curies":[{"name":"wp","href":"https:\/\/api.w.org\/{rel}","templated":true}]}}

Faház Laura 370x460cm, 2m terasz, 45mm

<div data-elementor-type="wp-post" data-elementor-id="10041" class="elementor elementor-10041">
									<section class="wd-negative-gap elementor-section elementor-top-section elementor-element elementor-element-3f65920 elementor-section-boxed elementor-section-height-default elementor-section-height-default wd-section-disabled" data-id="3f65920" data-element_type="section">
						<div class="elementor-container elementor-column-gap-default">
					<div class="elementor-column elementor-col-100 elementor-top-column elementor-element elementor-element-6db0d99" data-id="6db0d99" data-element_type="column">
			<div class="elementor-widget-wrap elementor-element-populated">
								<div class="elementor-element elementor-element-54792bf elementor-widget elementor-widget-wd_text_block" data-id="54792bf" data-element_type="widget" data-widget_type="wd_text_block.default">
				<div class="elementor-widget-container">
					<div class="wd-text-block reset-last-child text-left">
			
			<p><strong>A nyaraló ára tartalmazza:</strong></p><ul><li>oldalfalak</li><li>tető perforációja</li><li>padló</li><li>terasz 2m</li><li>impregnált aljzatprízisek</li><li>1x ajtó (80x191cm) + kilincs + szerelvények</li><li>2x ablak (60x72cm), egy fix és egy nyitható.</li></ul>
					</div>
				</div>
				</div>
					</div>
		</div>
							</div>
		</section>
							</div>

<p><strong>Laura házikó 2m-es terasszal és 45mm falvastagsággal (370x460cm) </strong>praktikus méretével minden kertbe illik. A padló kiváló minőségű csempékből készült. A 45 mm-es falvastagság jobb szigetelést és még hosszabb élettartamot biztosít. A házikó ára tartalmazza továbbá: 1x ajtó(80x191cm), 2x ablak (60×72 cm), melyek közül az egyik nyitható, a másik fix. A házikóhoz kínáljuk a redőnyök, bővítés megvásárlásának lehetőségét. Laura előnye, hogy kiválaszthatja, hogy melyik oldalra szeretne ajtót vagy oldalablakot. Kínálatunkban 2 féle falvastagság van: 2,8cm | 4,5cm.</p>
